y composite?
True
Let n(p) = 474*p**2 + 20*p - 127. Let s be n(13). Suppose 0 = 3*m + 4*c - s, -4*c - 118782 = -4*m - 11778. Is m prime?
False
Let u be 2/(-6) + 170675/15 + 11. Suppose -45504 = -4*t - s, -42*s + 39*s = -t + u. Is t prime?
False
Let k be 16802 + 18 - 2*3. Suppose r + 4119 = 3*d - k, -20957 = -3*d - 5*r. Is d prime?
False
Suppose 0 = 5*t + 3*t - 168. Suppose y = -2*j + t, -j = 3*j + 5*y - 27. Let z(u) = 48*u - 31. Is z(j) composite?
False
Let j(f) = -31*f - 30. Let h be j(7). Let a = -59 - h. Is (-4 - -5) + a/(5 + -3) a composite number?
True
Let z = -631 - 1275. Is (395/(-158))/(-1 - 1905/z) a composite number?
True
Suppose -11*n = 11920 + 11367. Let d = n + 4006. Is d a composite number?
False
Let u(x) = -x**2 - 3*x - 8. Let f be (1 + (-1 - -1))*(2 + -10). Let b be u(f). Is ((-906)/(-8))/(b/(-320)) a composite number?
True
Suppose -17*d - 430 = -27*d. Suppose d*f - 33*f - 2510 = 0. Is f a composite number?
False
Let v be 2178/4*(-5 - -7). Suppose 3*r + v = 2*w - 0*w, 2202 = 4*w + 2*r. Let o = w - 338. Is o a composite number?
False
Let w be 840/216 - 3/(-27). Is (182/39 - w)*22926/4 a composite number?
False
Let m = -5241 + 9957. Let k = m + -1261. Is k a prime number?
False
Suppose -2*g + 5*x + 12702 = -134743, g - 4*x = 73715. Suppose 4*q + g = 5*h, -h + 15059 - 306 = -2*q. Is h a prime number?
False
Suppose -3*g = -t + 710, 290*t - 285*t - 3*g = 3586. Is t prime?
True
Is -56 + 36 + 5874066/6 prime?
False
Let t(s) be the second derivative of -s**3/3 - 21*s**2/2 - 7*s. Let c be t(-10). Is 8/2 + (-1635)/c a prime number?
False
Let y(d) = -18*d**3 - 13*d**2 + 34*d + 181. Is y(-6) a composite number?
True
Suppose 0 = -4*r - j + 413824, 4*j + 517301 = 42*r - 37*r. Is r prime?
True
Suppose 0 = 20*p - 27*p - 606809. Is p/(-3) + (-96)/144 prime?
False
Is (-50)/(-42) + 13/91 - (-1673721)/27 a prime number?
True
Suppose -5*z + 813440 = -116951 - 257344. Is z a prime number?
True
Is (209/22)/(-19)*-15434 composite?
False
Suppose 6*o + 3*c = 337082 + 491641, -2*o + 4*c + 276246 = 0. Is o composite?
True
Suppose 167232356 - 506126 = 330*p. Is p composite?
False
Suppose -5*m + f + 683879 = 0, -3*f - 144057 = -5*m + 539830. Suppose 28*k = 3*k + m. Is k a prime number?
True
Suppose y - 2*a = -a - 1, 0 = -3*y + a + 1. Let b be 48/16*y*-1. Is (-2 + (-7)/b)/(1/4197) prime?
True
Suppose -2*s + 407824 = -2*b, -8*b = s - 13*b - 203924. Is s prime?
True
Let v = -302060 - -534609. Is v prime?
True
Let k(h) = -h**2 + 5*h + 41. Let z be k(14). Let x(t) = -343*t**3 + 1. Let y be x(1). Let u = z - y. Is u a composite number?
False
Is (-13)/((-52)/22408)*(-82)/(-4) a prime number?
False
Let v be 32/48 + 68/6. Suppose -4*l - v = -4*z, 0*l + l - 6 = -2*z. Suppose 0*k = n + 3*k - 385, 4*k = z*n - 1103. Is n a prime number?
True
Suppose -4*w = -3*w - 1812. Let o = w - 2703. Is o/(-4) + 2/8 prime?
True
Let m be (-2 - 868/(-16))*16. Let a be -2 - -1 - 494/1. Let g = a + m. Is g composite?
True
Let j(x) = -178*x**2 - 24*x + 6. Let h be j(4). Let q = -1869 - h. Is q prime?
True
Let w = 23682 + -1055. Suppose -15*z + w = 1642. Is z composite?
False
Let x(d) = -264*d**2 - 5*d - 3. Let h be x(-1). Let s = 681 - h. Is s a prime number?
False
Let i(n) = -n**2 + 2*n - 693. Let h(q) be the first derivative of -2*q**3/3 + q**2 - 694*q + 21. Let w(r) = 2*h(r) - 3*i(r). Is w(0) prime?
True
Let z = 0 - -212. Suppose -f - 9 + 63 = 4*y, 2*y - z = -3*f. Is (f/(-3) + 0)/((-2)/33) a prime number?
False
Suppose -7*o + 4339732 = 9*o - 4141980. Is o a composite number?
True
Suppose -1288320 = -3*h - 47*t + 50*t, -h - 3*t = -429428. Is h composite?
True
Suppose 122*y - 119*y = -5*s + 1119703, -7*s = 4*y - 1567583. Is s prime?
False
Let b(k) = -2*k**3 - 13*k**2 - 14*k + 23. Let x be b(-14). Suppose 3*d - 5112 - x = 0. Is d prime?
False
Let p = 40 + -13. Let l(v) = 21*v - 5 - 57*v - 3*v**2 + p*v - 130*v**3. Is l(-3) composite?
True
Let x(k) = k**3 + 2*k**2 - 16*k - 11. Suppose -4*i + 3*l - 2 - 15 = 0, 3*l = -3*i - 18. Let y be x(i). Is y/(-9)*-3 + 2 + 329 a composite number?
True
Let c = -35 - -43. Let m(p) = -3*p + 26. Let d be m(c). Suppose x - d*z = 339, -339 = -3*x + 2*x - z. Is x prime?
False
Let m(c) = -228*c - 310*c + 21 - 19*c + 175*c - 193*c. Let i be (8/(-6))/(2/6). Is m(i) composite?
True
Let t = -409 - -411. Is (t/5)/(2/16190) a composite number?
True
Let v(y) = y + 10. Suppose 211 = 8*l + 11. Is v(l) a prime number?
False
Let n(s) = s + 14. Let r be n(5). Let j = 55 + r. Suppose -10*a = -12*a + j. Is a composite?
False
Suppose -7259924 = -u + 3*w, 90*u = 95*u + 2*w - 36299535. Is u composite?
False
Let o(t) = 75*t**2 + 23*t - 447. Is o(10) prime?
True
Let j(f) = 817*f**2 - 30*f - 857. Is j(-22) composite?
False
Suppose 0 = -11*m + 20146 + 35217. Is m a composite number?
True
Let g be (-300)/40*1/(-3)*2. Let k(f) = f - 3. Let t be k(g). Is 4 - (-3 - (246 - t)) a composite number?
False
Is (-1013272)/52*(-2 - -1) composite?
True
Let l = 5 - 1. Suppose -n + 193245 = l*n. Is -1*2/11 + n/33 composite?
False
Let i(x) = -17*x - 259. Let q be i(-15). Is 6651/9 + 2 + q a prime number?
False
Suppose i - 26345 = 188*f - 190*f, -2*f = -i + 26357. Is i composite?
True
Suppose 51 = 36*j - 239 - 322. Let o(g) = 52*g + 35. Let n(i) = -103*i - 71. Let m(y) = 3*n(y) + 7*o(y). Is m(j) a composite number?
False
Let z(l) = l**3 + 31*l**2 + 17*l + 4. Let t be z(13). Let o = 13692 - t. Is o composite?
True
Suppose -28*v = -7*v - 5*v. Suppose 195*q - 182*q - 6305 = v. Is q prime?
False
Suppose o - 12847 = -379*s + 376*s, 0 = -o + 4*s + 12805. Is o composite?
False
Let m be (-2)/(-20) - 3647061/(-90). Suppose 22512 = 5*n - m. Is n a prime number?
False
Suppose 47966 = 2*y + 5724. Is y a composite number?
False
Let t = -1138 + 769. Let b = t + 580. Is b a composite number?
False
Let l be (-1923*(-4)/(-14))/((-3)/42). Suppose -2*s + l = 10*s. Is s prime?
True
Let t(h) = -2*h + 38. Let m be t(14). Suppose m*w + 5559 - 25889 = 0. Is w prime?
False
Suppose -l - 1957516 = -4*b, -78*l + 1468139 = 3*b - 79*l. Is b a prime number?
False
Let l = 43 + -67. Let j = -21 - l. Is 37*j/(3/1) a composite number?
False
Let h = -32 + 80. Let c be 4*3/h*0. Suppose -s - 2 = c, -j - 4*s = -0*s - 79. Is j a composite number?
True
Suppose 2*w - 18454 - 58706 = 0. Suppose 4*c - w = -2*h, 0 = -5*c - 2*h + 42921 + 5302. Is c a composite number?
False
Let n(z) = -z**2 - 2*z + 5. Let v be n(0). Let y = v - 35. Is y/(-45) - 7279/(-3) a composite number?
True
Suppose 82 = 3*s - 2*u - 2*u, 4*s + 2*u - 124 = 0. Let p be 10/s + 118/6. Is 12/p + (-10260)/(-25) a composite number?
True
Let m(t) = -t + 5. Let r be m(5). Suppose r*p + 8 = 2*p. Suppose 4*a - 637 = -p*o + a, -o = -3*a - 148. Is o prime?
True
Let b = -1 + 3. Let q be ((-8)/(-14))/b - (-117321)/21. Suppose -q - 2579 = -6*l. Is l a prime number?
True
Let d(l) = 26*l**3 - 33*l + 75. Is d(16) composite?
True
Suppose 2*z = 3*h - 9, 2*h + h = 9. Suppose z = -i - i - 78. Is (9191/i)/(1/(-3)) a prime number?
False
Let u = -36 + 39. Let b = -75 + 2637. Suppose -u*d + b + 195 = 0. Is d a prime number?
True
Let d(i) = -264*i + 9901. Is d(0) a prime number?
True
Let c(n) = -3*n**3 - 85*n**2 - 1850*n - 79. Is c(-65) a prime number?
False
Let y = 146 + -116. Let m be 4/y - 282/90. Is 32/(-24) - (m + (-8778)/9) a composite number?
False
Let b = 884 + -876. Suppose -b*z + 917523 = -231685. Is z prime?
True
Let j = -67 + 377. Suppose 0 = 8*n - 3*n - 8345. Suppose 4*s - 1922 = 2*p + j, 3*s - 4*p - n = 0. Is s a prime number?
False
Let j = 1840 - 1840. Let q(g) = g - 1. Let b(z) = 6*z - 769. Let a(n) = -b(n) + 2*q(n). Is a(j) a composite number?
True
Suppose 11111 = -7*b - 28257. Let k = 3982 + b. Let l = k + 2316. Is l a composite number?
True
Let n(u) = -6*u**2 - 3*u + u**3 + 3*u**2 + u + 3 + 2*u**2. Let f be n(2). Suppose f*g = 1245 + 192. Is g a composite number?
False
Let n be (50 + (-35)/(-7))*714/5. Let v = 3397 + n. Is v a composite number?
False
Let y be 0/2 - (-4)/(-4) - -2. Suppose 3*v = 5 + y. Suppose 2*o = -v*k + 602, -2*k - 4*o = o - 590. Is k composite?
True
Suppose -31*b = -377874 - 379768 - 399805. Is b a prime number?
True
Suppose d + 12 = -3*j + 131, 4*d + 5*j - 441 = 0. Suppose -4 = -106*l + d*l. Is (l/4)/((-5)/(-31910)) prime?
True
Suppose 202 = 2*n + 208, 5*m 